{"id":524,"date":"2024-09-04T11:53:26","date_gmt":"2024-09-04T09:53:26","guid":{"rendered":"https:\/\/karis.dk\/?page_id=524"},"modified":"2024-09-12T12:28:19","modified_gmt":"2024-09-12T10:28:19","slug":"workshops","status":"publish","type":"page","link":"https:\/\/karis.dk\/?page_id=524","title":{"rendered":"Workshops"},"content":{"rendered":"\n<h2 class=\"wp-block-heading\">Workshops<\/h2>\n\n\n\n<p>K\u00f8ng Museums v\u00e6ve-og spindeskole<\/p>\n\n\n\n<p><strong>Adresse:&nbsp; <\/strong>Spindeskolen, Bygaden 22, K\u00f8ng, 4750 Lundby<\/p>\n\n\n\n<p>K\u00f8ng Museums v\u00e6ve- og spindeskole fungerer som en selvst\u00e6ndig kursusvirksomhed med t\u00e6t tilknytning til K\u00f8ng Museum. Form\u00e5let er at formidle kendskab til gamle tekstile h\u00e5ndv\u00e6rk i relation til museets historie og s\u00e6tte dem ind i en nutidig kontekst, hvor den enkelte kursist f\u00e5r mulighed for at eksperimentere og udvikle egne evner.<\/p>\n\n\n\n<div class=\"wp-block-group alignfull is-layout-constrained wp-block-group-is-layout-constrained\" style=\"margin-top:0px;margin-bottom:0px;padding-top:64px;padding-bottom:64px\">\n<div class=\"wp-block-columns alignwide is-layout-flex wp-container-core-columns-is-layout-28f84493 wp-block-columns-is-layout-flex\">\n<div class=\"wp-block-column is-layout-flow wp-block-column-is-layout-flow\">\n<figure class=\"wp-block-image size-full\"><img loading=\"lazy\" decoding=\"async\" width=\"2560\" height=\"1707\" src=\"http:\/\/karis.dk\/wp-content\/uploads\/2024\/09\/Silkjaer_3088-scaled.jpg\" alt=\"\" class=\"wp-image-887\" style=\"aspect-ratio:1;object-fit:cover\" srcset=\"https:\/\/karis.dk\/wp-content\/uploads\/2024\/09\/Silkjaer_3088-scaled.jpg 2560w, https:\/\/karis.dk\/wp-content\/uploads\/2024\/09\/Silkjaer_3088-300x200.jpg 300w, https:\/\/karis.dk\/wp-content\/uploads\/2024\/09\/Silkjaer_3088-1024x683.jpg 1024w, https:\/\/karis.dk\/wp-content\/uploads\/2024\/09\/Silkjaer_3088-768x512.jpg 768w, https:\/\/karis.dk\/wp-content\/uploads\/2024\/09\/Silkjaer_3088-1536x1024.jpg 1536w, https:\/\/karis.dk\/wp-content\/uploads\/2024\/09\/Silkjaer_3088-2048x1365.jpg 2048w\" sizes=\"auto, (max-width: 2560px) 100vw, 2560px\" \/><\/figure>\n\n\n\n<h3 class=\"wp-block-heading has-text-align-center\">Faste V\u00e6vedage i K\u00f8ng v\u00e6ve og spindeskole                       <\/h3>\n\n\n\n<div class=\"wp-block-buttons is-vertical is-content-justification-center is-nowrap is-layout-flex wp-container-core-buttons-is-layout-ffcf35d6 wp-block-buttons-is-layout-flex\">\n<div class=\"wp-block-button is-style-fill\"><a class=\"wp-block-button__link wp-element-button\" href=\"https:\/\/karis.dk\/?page_id=533\">Videre<\/a><\/div>\n<\/div>\n<\/div>\n\n\n\n<div class=\"wp-block-column is-layout-flow wp-block-column-is-layout-flow\">\n<figure class=\"wp-block-image size-full\"><img loading=\"lazy\" decoding=\"async\" width=\"2560\" height=\"1969\" src=\"http:\/\/karis.dk\/wp-content\/uploads\/2024\/09\/IMG_20240911_210308833-scaled.jpg\" alt=\"\" class=\"wp-image-850\" style=\"aspect-ratio:1;object-fit:cover\" srcset=\"https:\/\/karis.dk\/wp-content\/uploads\/2024\/09\/IMG_20240911_210308833-scaled.jpg 2560w, https:\/\/karis.dk\/wp-content\/uploads\/2024\/09\/IMG_20240911_210308833-300x231.jpg 300w, https:\/\/karis.dk\/wp-content\/uploads\/2024\/09\/IMG_20240911_210308833-1024x788.jpg 1024w, https:\/\/karis.dk\/wp-content\/uploads\/2024\/09\/IMG_20240911_210308833-768x591.jpg 768w, https:\/\/karis.dk\/wp-content\/uploads\/2024\/09\/IMG_20240911_210308833-1536x1182.jpg 1536w, https:\/\/karis.dk\/wp-content\/uploads\/2024\/09\/IMG_20240911_210308833-2048x1575.jpg 2048w\" sizes=\"auto, (max-width: 2560px) 100vw, 2560px\" \/><\/figure>\n\n\n\n<h3 class=\"wp-block-heading has-text-align-center\">Workshops i K\u00f8ngs v\u00e6ve og spindeskole<\/h3>\n\n\n\n<div class=\"wp-block-buttons is-vertical is-content-justification-center is-layout-flex wp-container-core-buttons-is-layout-58385f16 wp-block-buttons-is-layout-flex\">\n<div class=\"wp-block-button is-style-fill\"><a class=\"wp-block-button__link wp-element-button\" href=\"https:\/\/karis.dk\/?page_id=526\">Videre<\/a><\/div>\n<\/div>\n<\/div>\n\n\n\n<div class=\"wp-block-column is-layout-flow wp-block-column-is-layout-flow\">\n<figure class=\"wp-block-image size-full\"><img loading=\"lazy\" decoding=\"async\" width=\"1922\" height=\"2560\" src=\"http:\/\/karis.dk\/wp-content\/uploads\/2024\/09\/Mobilt-workshop-scaled.jpg\" alt=\"\" class=\"wp-image-822\" style=\"aspect-ratio:1;object-fit:cover\" srcset=\"https:\/\/karis.dk\/wp-content\/uploads\/2024\/09\/Mobilt-workshop-scaled.jpg 1922w, https:\/\/karis.dk\/wp-content\/uploads\/2024\/09\/Mobilt-workshop-225x300.jpg 225w, https:\/\/karis.dk\/wp-content\/uploads\/2024\/09\/Mobilt-workshop-769x1024.jpg 769w, https:\/\/karis.dk\/wp-content\/uploads\/2024\/09\/Mobilt-workshop-768x1023.jpg 768w, https:\/\/karis.dk\/wp-content\/uploads\/2024\/09\/Mobilt-workshop-1153x1536.jpg 1153w, https:\/\/karis.dk\/wp-content\/uploads\/2024\/09\/Mobilt-workshop-1538x2048.jpg 1538w\" sizes=\"auto, (max-width: 1922px) 100vw, 1922px\" \/><\/figure>\n\n\n\n<h3 class=\"wp-block-heading has-text-align-center\">Mobile workshops, i hele landet<\/h3>\n\n\n\n<div class=\"wp-block-buttons is-content-justification-center is-layout-flex wp-container-core-buttons-is-layout-a89b3969 wp-block-buttons-is-layout-flex\">\n<div class=\"wp-block-button is-style-fill\"><a class=\"wp-block-button__link has-text-align-center wp-element-button\" href=\"https:\/\/karis.dk\/?page_id=528\">Videre<\/a><\/div>\n<\/div>\n<\/div>\n<\/div>\n<\/div>\n\n\n\n<p><\/p>\n","protected":false},"excerpt":{"rendered":"<p>Workshops K\u00f8ng Museums v\u00e6ve-og spindeskole Adresse:&nbsp; Spindeskolen, Bygaden 22, K\u00f8ng, 4750 Lundby K\u00f8ng Museums v\u00e6ve- og spindeskole fungerer som en selvst\u00e6ndig kursusvirksomhed med t\u00e6t tilknytning til K\u00f8ng Museum. Form\u00e5let er [&hellip;]<\/p>\n","protected":false},"author":3,"featured_media":0,"parent":0,"menu_order":0,"comment_status":"closed","ping_status":"closed","template":"wp-custom-template-workshop","meta":{"_price":"","_stock":"","_tribe_ticket_header":"","_tribe_default_ticket_provider":"","_tribe_ticket_capacity":"0","_ticket_start_date":"","_ticket_end_date":"","_tribe_ticket_show_description":"","_tribe_ticket_show_not_going":false,"_tribe_ticket_use_global_stock":"","_tribe_ticket_global_stock_level":"","_global_stock_mode":"","_global_stock_cap":"","_tribe_rsvp_for_event":"","_tribe_ticket_going_count":"","_tribe_ticket_not_going_count":"","_tribe_tickets_list":"[]","_tribe_ticket_has_attendee_info_fields":false,"_EventAllDay":false,"_EventTimezone":"","_EventStartDate":"","_EventEndDate":"","_EventStartDateUTC":"","_EventEndDateUTC":"","_EventShowMap":false,"_EventShowMapLink":false,"_EventURL":"","_EventCost":"","_EventCostDescription":"","_EventCurrencySymbol":"","_EventCurrencyCode":"","_EventCurrencyPosition":"","_EventDateTimeSeparator":"","_EventTimeRangeSeparator":"","_EventOrganizerID":[],"_EventVenueID":[],"_OrganizerEmail":"","_OrganizerPhone":"","_OrganizerWebsite":"","_VenueAddress":"","_VenueCity":"","_VenueCountry":"","_VenueProvince":"","_VenueState":"","_VenueZip":"","_VenuePhone":"","_VenueURL":"","_VenueStateProvince":"","_VenueLat":"","_VenueLng":"","_VenueShowMap":false,"_VenueShowMapLink":false,"footnotes":"","_tec_slr_enabled":"","_tec_slr_layout":""},"class_list":["post-524","page","type-page","status-publish","hentry"],"jetpack_sharing_enabled":true,"ticketed":false,"_links":{"self":[{"href":"https:\/\/karis.dk\/index.php?rest_route=\/wp\/v2\/pages\/524","targetHints":{"allow":["GET"]}}],"collection":[{"href":"https:\/\/karis.dk\/index.php?rest_route=\/wp\/v2\/pages"}],"about":[{"href":"https:\/\/karis.dk\/index.php?rest_route=\/wp\/v2\/types\/page"}],"author":[{"embeddable":true,"href":"https:\/\/karis.dk\/index.php?rest_route=\/wp\/v2\/users\/3"}],"replies":[{"embeddable":true,"href":"https:\/\/karis.dk\/index.php?rest_route=%2Fwp%2Fv2%2Fcomments&post=524"}],"version-history":[{"count":9,"href":"https:\/\/karis.dk\/index.php?rest_route=\/wp\/v2\/pages\/524\/revisions"}],"predecessor-version":[{"id":947,"href":"https:\/\/karis.dk\/index.php?rest_route=\/wp\/v2\/pages\/524\/revisions\/947"}],"wp:attachment":[{"href":"https:\/\/karis.dk\/index.php?rest_route=%2Fwp%2Fv2%2Fmedia&parent=524"}],"curies":[{"name":"wp","href":"https:\/\/api.w.org\/{rel}","templated":true}]}}