{"id":526,"date":"2024-09-04T11:54:21","date_gmt":"2024-09-04T09:54:21","guid":{"rendered":"https:\/\/karis.dk\/?page_id=526"},"modified":"2025-04-22T10:44:53","modified_gmt":"2025-04-22T08:44:53","slug":"weekendkurser","status":"publish","type":"page","link":"https:\/\/karis.dk\/?page_id=526","title":{"rendered":"Workshops p\u00e5 K\u00f8ng v\u00e6ve og spindeskole"},"content":{"rendered":"\n<h2 class=\"wp-block-heading has-text-color\" style=\"color:#000000;font-size:32px\"><strong>8-skaftet tangentv\u00e6v<\/strong><\/h2>\n\n\n\n<p class=\"has-text-color\" style=\"color:#000000;font-size:17px\">2- eller 3-dages kurser i K\u00f8ng V\u00e6ve- og Spindeskole med fastlagt tema<\/p>\n\n\n\n<p>Sm\u00e5 hold med min. 4, max. 8 deltagere.<\/p>\n\n\n\n<p>Der arbejdes ud fra et overordnet tema, men med individuel fokus. Der udleveres kompendie ved det p\u00e5g\u00e6ldende kursus<\/p>\n\n\n\n<p class=\"has-text-color\" style=\"color:#000000;font-size:17px\">Om man er nybegynder eller \u00f8vet, s\u00e5 vil der v\u00e6re noget at komme efter.<\/p>\n\n\n\n<h2 class=\"wp-block-heading\">Workshops<\/h2>\n\n\n\n<div class=\"wp-block-cover alignfull is-light\"><span aria-hidden=\"true\" class=\"wp-block-cover__background has-background-dim-100 has-background-dim\" style=\"background-color:#ffffff\"><\/span><div class=\"wp-block-cover__inner-container is-layout-flow wp-block-cover-is-layout-flow\">\n<div class=\"wp-block-media-text alignwide is-stacked-on-mobile is-vertically-aligned-center\"><figure class=\"wp-block-media-text__media\"><img loading=\"lazy\" decoding=\"async\" width=\"758\" height=\"1024\" src=\"http:\/\/karis.dk\/wp-content\/uploads\/2024\/09\/Stramajproeve-758x1024.jpg\" alt=\"\" class=\"wp-image-820 size-large\" srcset=\"https:\/\/karis.dk\/wp-content\/uploads\/2024\/09\/Stramajproeve-758x1024.jpg 758w, https:\/\/karis.dk\/wp-content\/uploads\/2024\/09\/Stramajproeve-222x300.jpg 222w, https:\/\/karis.dk\/wp-content\/uploads\/2024\/09\/Stramajproeve-768x1037.jpg 768w, https:\/\/karis.dk\/wp-content\/uploads\/2024\/09\/Stramajproeve-1138x1536.jpg 1138w, https:\/\/karis.dk\/wp-content\/uploads\/2024\/09\/Stramajproeve-1517x2048.jpg 1517w, https:\/\/karis.dk\/wp-content\/uploads\/2024\/09\/Stramajproeve-scaled.jpg 1896w\" sizes=\"auto, (max-width: 758px) 100vw, 758px\" \/><\/figure><div class=\"wp-block-media-text__content\">\n<h2 class=\"wp-block-heading has-text-color\" style=\"color:#000000;font-size:32px\">L\u00f8rdag <strong>d. 21. juni og s\u00f8ndag d. 22. juni, begge dage kl. 10-16<\/strong><\/h2>\n\n\n\n<p>Fokus p\u00e5 Stramaj-bindinger<\/p>\n\n\n\n<p class=\"has-text-color\" style=\"color:#000000;font-size:17px\">I l\u00f8bet af de to dage vil deltagerne komme omkring mange muligheder i stramajbinding. Der skal leges med en m\u00f8nsters\u00f8lning i spids, som vi skal pr\u00f8ve at f\u00e5 mest muligt ud af p\u00e5 samme ops\u00e6tning. Vi arbejder i forholdsvist tyndt garn og taler om materialevalg og anvendelighed og kommer ogs\u00e5 ind p\u00e5, hvordan materiale- og farvevalg influerer p\u00e5 udtrykket.<\/p>\n\n\n\n<p class=\"has-text-color\" style=\"color:#000000;font-size:17px\">Pris: 1100 kr incl. l\u00e5n af v\u00e6v. Herudover skal der beregnes udgifter til materialer og kompendie ca. 150 kr<\/p>\n\n\n\n<div class=\"wp-block-buttons is-layout-flex wp-block-buttons-is-layout-flex\">\n<div class=\"wp-block-button is-style-fill\"><a class=\"wp-block-button__link wp-element-button\">Yderligere Information<\/a><\/div>\n<\/div>\n<\/div><\/div>\n<\/div><\/div>\n\n\n\n<p><\/p>\n\n\n\n<p><\/p>\n","protected":false},"excerpt":{"rendered":"<p>8-skaftet tangentv\u00e6v 2- eller 3-dages kurser i K\u00f8ng V\u00e6ve- og Spindeskole med fastlagt tema Sm\u00e5 hold med min. 4, max. 8 deltagere. Der arbejdes ud fra et overordnet tema, men [&hellip;]<\/p>\n","protected":false},"author":3,"featured_media":0,"parent":0,"menu_order":0,"comment_status":"closed","ping_status":"closed","template":"wp-custom-template-underside","meta":{"_price":"","_stock":"","_tribe_ticket_header":"","_tribe_default_ticket_provider":"","_tribe_ticket_capacity":"0","_ticket_start_date":"","_ticket_end_date":"","_tribe_ticket_show_description":"","_tribe_ticket_show_not_going":false,"_tribe_ticket_use_global_stock":"","_tribe_ticket_global_stock_level":"","_global_stock_mode":"","_global_stock_cap":"","_tribe_rsvp_for_event":"","_tribe_ticket_going_count":"","_tribe_ticket_not_going_count":"","_tribe_tickets_list":"[]","_tribe_ticket_has_attendee_info_fields":false,"_EventAllDay":false,"_EventTimezone":"","_EventStartDate":"","_EventEndDate":"","_EventStartDateUTC":"","_EventEndDateUTC":"","_EventShowMap":false,"_EventShowMapLink":false,"_EventURL":"","_EventCost":"","_EventCostDescription":"","_EventCurrencySymbol":"","_EventCurrencyCode":"","_EventCurrencyPosition":"","_EventDateTimeSeparator":"","_EventTimeRangeSeparator":"","_EventOrganizerID":[],"_EventVenueID":[],"_OrganizerEmail":"","_OrganizerPhone":"","_OrganizerWebsite":"","_VenueAddress":"","_VenueCity":"","_VenueCountry":"","_VenueProvince":"","_VenueState":"","_VenueZip":"","_VenuePhone":"","_VenueURL":"","_VenueStateProvince":"","_VenueLat":"","_VenueLng":"","_VenueShowMap":false,"_VenueShowMapLink":false,"footnotes":"","_tec_slr_enabled":"","_tec_slr_layout":""},"class_list":["post-526","page","type-page","status-publish","hentry"],"jetpack_sharing_enabled":true,"ticketed":false,"_links":{"self":[{"href":"https:\/\/karis.dk\/index.php?rest_route=\/wp\/v2\/pages\/526","targetHints":{"allow":["GET"]}}],"collection":[{"href":"https:\/\/karis.dk\/index.php?rest_route=\/wp\/v2\/pages"}],"about":[{"href":"https:\/\/karis.dk\/index.php?rest_route=\/wp\/v2\/types\/page"}],"author":[{"embeddable":true,"href":"https:\/\/karis.dk\/index.php?rest_route=\/wp\/v2\/users\/3"}],"replies":[{"embeddable":true,"href":"https:\/\/karis.dk\/index.php?rest_route=%2Fwp%2Fv2%2Fcomments&post=526"}],"version-history":[{"count":25,"href":"https:\/\/karis.dk\/index.php?rest_route=\/wp\/v2\/pages\/526\/revisions"}],"predecessor-version":[{"id":1009,"href":"https:\/\/karis.dk\/index.php?rest_route=\/wp\/v2\/pages\/526\/revisions\/1009"}],"wp:attachment":[{"href":"https:\/\/karis.dk\/index.php?rest_route=%2Fwp%2Fv2%2Fmedia&parent=526"}],"curies":[{"name":"wp","href":"https:\/\/api.w.org\/{rel}","templated":true}]}}