{"id":528,"date":"2024-09-04T11:55:10","date_gmt":"2024-09-04T09:55:10","guid":{"rendered":"https:\/\/karis.dk\/?page_id=528"},"modified":"2025-12-02T11:02:13","modified_gmt":"2025-12-02T10:02:13","slug":"mobile-weekendkurser","status":"publish","type":"page","link":"https:\/\/karis.dk\/?page_id=528","title":{"rendered":""},"content":{"rendered":"\n<div class=\"wp-block-cover alignfull is-light\" style=\"min-height:100vh;aspect-ratio:unset;\"><img loading=\"lazy\" decoding=\"async\" width=\"758\" height=\"1024\" class=\"wp-block-cover__image-background wp-image-820 size-large\" alt=\"\" src=\"http:\/\/karis.dk\/wp-content\/uploads\/2024\/09\/Stramajproeve-758x1024.jpg\" data-object-fit=\"cover\" srcset=\"https:\/\/karis.dk\/wp-content\/uploads\/2024\/09\/Stramajproeve-758x1024.jpg 758w, https:\/\/karis.dk\/wp-content\/uploads\/2024\/09\/Stramajproeve-222x300.jpg 222w, https:\/\/karis.dk\/wp-content\/uploads\/2024\/09\/Stramajproeve-768x1037.jpg 768w, https:\/\/karis.dk\/wp-content\/uploads\/2024\/09\/Stramajproeve-1138x1536.jpg 1138w, https:\/\/karis.dk\/wp-content\/uploads\/2024\/09\/Stramajproeve-1517x2048.jpg 1517w, https:\/\/karis.dk\/wp-content\/uploads\/2024\/09\/Stramajproeve-scaled.jpg 1896w\" sizes=\"auto, (max-width: 758px) 100vw, 758px\" \/><span aria-hidden=\"true\" class=\"wp-block-cover__background has-background-dim\" style=\"background-color:#ffffff\"><\/span><div class=\"wp-block-cover__inner-container is-layout-flow wp-block-cover-is-layout-flow\">\n<p class=\"has-text-align-center has-large-font-size\"><\/p>\n<\/div><\/div>\n\n\n\n<h2 class=\"wp-block-heading\">Mobile workshops <\/h2>\n\n\n\n<p>Skr\u00e6dersyede workshops rundt omkring i landet p\u00e5 8-skaftede tangentv\u00e6ve<\/p>\n\n\n\n<p>Er I mindst 4 deltagere, max. 8, der kunne have lyst til at v\u00e6ve, s\u00e5 kontakt mig for tidspunkt og pris.<\/p>\n\n\n\n<p>Indholdet fastl\u00e6gger vi f\u00e6llesskab, hvorvidt der skal v\u00e6re fokus p\u00e5 pr\u00f8ver eller p\u00e5 produkt.<\/p>\n\n\n\n<p>Organisator s\u00f8rger for lokaler og deltagere. Jeg udarbejder kompendie til det p\u00e5g\u00e6ldende kursus og medbringer alt, hvad der skal bruges, v\u00e6ve, garn, skytter og andet tilbeh\u00f8r.&nbsp;<\/p>\n\n\n\n<p>Jeg s\u00e6tter v\u00e6vene mv. op i det aftalte lokale, fx en stue, et klasselokale, en menighedssal med hj\u00e6lp fra deltagerne, og s\u00e5 er vi i gang.<\/p>\n\n\n\n<p><\/p>\n\n\n\n<h2 class=\"wp-block-heading\">Temaer til mobile workshops fx:<\/h2>\n\n\n\n<ul class=\"wp-block-list\">\n<li>Fortrolighed med 8-skaftet tangentv\u00e6v<\/li>\n\n\n\n<li>Leg og eksperimenteren p\u00e5 2 partier<\/li>\n\n\n\n<li>Kipper i mange variationer<\/li>\n\n\n\n<li>Dobbeltv\u00e6vninger<\/li>\n\n\n\n<li>Gennemsigtighed og lette stoffer<\/li>\n\n\n\n<li>Fri billedleg med Moorman teknik<\/li>\n<\/ul>\n\n\n\n<p><\/p>\n","protected":false},"excerpt":{"rendered":"<p>Mobile workshops Skr\u00e6dersyede workshops rundt omkring i landet p\u00e5 8-skaftede tangentv\u00e6ve Er I mindst 4 deltagere, max. 8, der kunne have lyst til at v\u00e6ve, s\u00e5 kontakt mig for tidspunkt [&hellip;]<\/p>\n","protected":false},"author":3,"featured_media":0,"parent":0,"menu_order":0,"comment_status":"closed","ping_status":"closed","template":"wp-custom-template-underside","meta":{"_price":"","_stock":"","_tribe_ticket_header":"","_tribe_default_ticket_provider":"","_tribe_ticket_capacity":"0","_ticket_start_date":"","_ticket_end_date":"","_tribe_ticket_show_description":"","_tribe_ticket_show_not_going":false,"_tribe_ticket_use_global_stock":"","_tribe_ticket_global_stock_level":"","_global_stock_mode":"","_global_stock_cap":"","_tribe_rsvp_for_event":"","_tribe_ticket_going_count":"","_tribe_ticket_not_going_count":"","_tribe_tickets_list":"[]","_tribe_ticket_has_attendee_info_fields":false,"_EventAllDay":false,"_EventTimezone":"","_EventStartDate":"","_EventEndDate":"","_EventStartDateUTC":"","_EventEndDateUTC":"","_EventShowMap":false,"_EventShowMapLink":false,"_EventURL":"","_EventCost":"","_EventCostDescription":"","_EventCurrencySymbol":"","_EventCurrencyCode":"","_EventCurrencyPosition":"","_EventDateTimeSeparator":"","_EventTimeRangeSeparator":"","_EventOrganizerID":[],"_EventVenueID":[],"_OrganizerEmail":"","_OrganizerPhone":"","_OrganizerWebsite":"","_VenueAddress":"","_VenueCity":"","_VenueCountry":"","_VenueProvince":"","_VenueState":"","_VenueZip":"","_VenuePhone":"","_VenueURL":"","_VenueStateProvince":"","_VenueLat":"","_VenueLng":"","_VenueShowMap":false,"_VenueShowMapLink":false,"footnotes":"","_tec_slr_enabled":"","_tec_slr_layout":""},"class_list":["post-528","page","type-page","status-publish","hentry"],"jetpack_sharing_enabled":true,"ticketed":false,"_links":{"self":[{"href":"https:\/\/karis.dk\/index.php?rest_route=\/wp\/v2\/pages\/528","targetHints":{"allow":["GET"]}}],"collection":[{"href":"https:\/\/karis.dk\/index.php?rest_route=\/wp\/v2\/pages"}],"about":[{"href":"https:\/\/karis.dk\/index.php?rest_route=\/wp\/v2\/types\/page"}],"author":[{"embeddable":true,"href":"https:\/\/karis.dk\/index.php?rest_route=\/wp\/v2\/users\/3"}],"replies":[{"embeddable":true,"href":"https:\/\/karis.dk\/index.php?rest_route=%2Fwp%2Fv2%2Fcomments&post=528"}],"version-history":[{"count":14,"href":"https:\/\/karis.dk\/index.php?rest_route=\/wp\/v2\/pages\/528\/revisions"}],"predecessor-version":[{"id":1056,"href":"https:\/\/karis.dk\/index.php?rest_route=\/wp\/v2\/pages\/528\/revisions\/1056"}],"wp:attachment":[{"href":"https:\/\/karis.dk\/index.php?rest_route=%2Fwp%2Fv2%2Fmedia&parent=528"}],"curies":[{"name":"wp","href":"https:\/\/api.w.org\/{rel}","templated":true}]}}