{"id":556,"date":"2024-09-04T14:29:56","date_gmt":"2024-09-04T12:29:56","guid":{"rendered":"https:\/\/karis.dk\/?page_id=556"},"modified":"2024-10-02T10:11:45","modified_gmt":"2024-10-02T08:11:45","slug":"vidensdeling","status":"publish","type":"page","link":"https:\/\/karis.dk\/?page_id=556","title":{"rendered":"Vidensdeling"},"content":{"rendered":"\n<h2 class=\"wp-block-heading\">Vidensdeling<\/h2>\n\n\n\n<div class=\"wp-block-group alignfull is-layout-constrained wp-block-group-is-layout-constrained\" style=\"margin-top:0px;margin-bottom:0px;padding-top:64px;padding-bottom:64px\">\n<div class=\"wp-block-columns alignwide is-layout-flex wp-container-core-columns-is-layout-28f84493 wp-block-columns-is-layout-flex\">\n<div class=\"wp-block-column is-layout-flow wp-block-column-is-layout-flow\">\n<figure class=\"wp-block-image size-full\"><img loading=\"lazy\" decoding=\"async\" width=\"476\" height=\"270\" src=\"http:\/\/karis.dk\/wp-content\/uploads\/2024\/09\/Foredrag-paa-CTR.jpg\" alt=\"\" class=\"wp-image-848\" srcset=\"https:\/\/karis.dk\/wp-content\/uploads\/2024\/09\/Foredrag-paa-CTR.jpg 476w, https:\/\/karis.dk\/wp-content\/uploads\/2024\/09\/Foredrag-paa-CTR-300x170.jpg 300w\" sizes=\"auto, (max-width: 476px) 100vw, 476px\" \/><\/figure>\n\n\n\n<h3 class=\"wp-block-heading\">Foredrag<\/h3>\n\n\n\n<p>Foredrag med forskelligt indhold om h\u00f8r, om K\u00f8ng Fabrik, om damask mv.<\/p>\n\n\n\n<div class=\"wp-block-buttons is-layout-flex wp-block-buttons-is-layout-flex\">\n<div class=\"wp-block-button is-style-fill\"><a class=\"wp-block-button__link wp-element-button\" href=\"https:\/\/karis.dk\/?page_id=558\">Videre<\/a><\/div>\n<\/div>\n<\/div>\n\n\n\n<div class=\"wp-block-column is-layout-flow wp-block-column-is-layout-flow\">\n<figure class=\"wp-block-image size-full\"><img loading=\"lazy\" decoding=\"async\" width=\"2560\" height=\"1731\" src=\"http:\/\/karis.dk\/wp-content\/uploads\/2024\/09\/Inspirationstur-scaled.jpg\" alt=\"\" class=\"wp-image-824\" srcset=\"https:\/\/karis.dk\/wp-content\/uploads\/2024\/09\/Inspirationstur-scaled.jpg 2560w, https:\/\/karis.dk\/wp-content\/uploads\/2024\/09\/Inspirationstur-300x203.jpg 300w, https:\/\/karis.dk\/wp-content\/uploads\/2024\/09\/Inspirationstur-1024x692.jpg 1024w, https:\/\/karis.dk\/wp-content\/uploads\/2024\/09\/Inspirationstur-768x519.jpg 768w, https:\/\/karis.dk\/wp-content\/uploads\/2024\/09\/Inspirationstur-1536x1038.jpg 1536w, https:\/\/karis.dk\/wp-content\/uploads\/2024\/09\/Inspirationstur-2048x1385.jpg 2048w\" sizes=\"auto, (max-width: 2560px) 100vw, 2560px\" \/><\/figure>\n\n\n\n<h3 class=\"wp-block-heading\">Inspirationsture<\/h3>\n\n\n\n<p class=\"has-text-align-left\">Turen g\u00e5r til&#8230; <\/p>\n\n\n\n<p class=\"has-text-align-left\">garnk\u00f8b, udstillinger, bes\u00f8g hos kunstnere<\/p>\n\n\n\n<div class=\"wp-block-buttons is-layout-flex wp-block-buttons-is-layout-flex\">\n<div class=\"wp-block-button is-style-fill\"><a class=\"wp-block-button__link has-text-align-center wp-element-button\" href=\"https:\/\/karis.dk\/?page_id=560\">Videre<\/a><\/div>\n<\/div>\n<\/div>\n<\/div>\n<\/div>\n","protected":false},"excerpt":{"rendered":"<p>Vidensdeling Foredrag Foredrag med forskelligt indhold om h\u00f8r, om K\u00f8ng Fabrik, om damask mv. Inspirationsture Turen g\u00e5r til&#8230; garnk\u00f8b, udstillinger, bes\u00f8g hos kunstnere<\/p>\n","protected":false},"author":3,"featured_media":0,"parent":0,"menu_order":0,"comment_status":"closed","ping_status":"closed","template":"wp-custom-template-underside","meta":{"_price":"","_stock":"","_tribe_ticket_header":"","_tribe_default_ticket_provider":"","_tribe_ticket_capacity":"0","_ticket_start_date":"","_ticket_end_date":"","_tribe_ticket_show_description":"","_tribe_ticket_show_not_going":false,"_tribe_ticket_use_global_stock":"","_tribe_ticket_global_stock_level":"","_global_stock_mode":"","_global_stock_cap":"","_tribe_rsvp_for_event":"","_tribe_ticket_going_count":"","_tribe_ticket_not_going_count":"","_tribe_tickets_list":"[]","_tribe_ticket_has_attendee_info_fields":false,"_EventAllDay":false,"_EventTimezone":"","_EventStartDate":"","_EventEndDate":"","_EventStartDateUTC":"","_EventEndDateUTC":"","_EventShowMap":false,"_EventShowMapLink":false,"_EventURL":"","_EventCost":"","_EventCostDescription":"","_EventCurrencySymbol":"","_EventCurrencyCode":"","_EventCurrencyPosition":"","_EventDateTimeSeparator":"","_EventTimeRangeSeparator":"","_EventOrganizerID":[],"_EventVenueID":[],"_OrganizerEmail":"","_OrganizerPhone":"","_OrganizerWebsite":"","_VenueAddress":"","_VenueCity":"","_VenueCountry":"","_VenueProvince":"","_VenueState":"","_VenueZip":"","_VenuePhone":"","_VenueURL":"","_VenueStateProvince":"","_VenueLat":"","_VenueLng":"","_VenueShowMap":false,"_VenueShowMapLink":false,"footnotes":"","_tec_slr_enabled":"","_tec_slr_layout":""},"class_list":["post-556","page","type-page","status-publish","hentry"],"jetpack_sharing_enabled":true,"ticketed":false,"_links":{"self":[{"href":"https:\/\/karis.dk\/index.php?rest_route=\/wp\/v2\/pages\/556","targetHints":{"allow":["GET"]}}],"collection":[{"href":"https:\/\/karis.dk\/index.php?rest_route=\/wp\/v2\/pages"}],"about":[{"href":"https:\/\/karis.dk\/index.php?rest_route=\/wp\/v2\/types\/page"}],"author":[{"embeddable":true,"href":"https:\/\/karis.dk\/index.php?rest_route=\/wp\/v2\/users\/3"}],"replies":[{"embeddable":true,"href":"https:\/\/karis.dk\/index.php?rest_route=%2Fwp%2Fv2%2Fcomments&post=556"}],"version-history":[{"count":5,"href":"https:\/\/karis.dk\/index.php?rest_route=\/wp\/v2\/pages\/556\/revisions"}],"predecessor-version":[{"id":938,"href":"https:\/\/karis.dk\/index.php?rest_route=\/wp\/v2\/pages\/556\/revisions\/938"}],"wp:attachment":[{"href":"https:\/\/karis.dk\/index.php?rest_route=%2Fwp%2Fv2%2Fmedia&parent=556"}],"curies":[{"name":"wp","href":"https:\/\/api.w.org\/{rel}","templated":true}]}}