{"id":585,"date":"2024-09-04T15:24:54","date_gmt":"2024-09-04T13:24:54","guid":{"rendered":"https:\/\/karis.dk\/?page_id=585"},"modified":"2025-12-02T11:16:55","modified_gmt":"2025-12-02T10:16:55","slug":"projekter-2","status":"publish","type":"page","link":"https:\/\/karis.dk\/?page_id=585","title":{"rendered":"Andre aktiviteter"},"content":{"rendered":"\n<h2 class=\"wp-block-heading\">Andre aktiviteter<\/h2>\n\n\n\n<figure class=\"wp-block-gallery has-nested-images columns-default is-cropped wp-block-gallery-1 is-layout-flex wp-block-gallery-is-layout-flex\">\n<figure class=\"wp-block-image size-large\"><img loading=\"lazy\" decoding=\"async\" width=\"769\" height=\"1024\" data-id=\"843\" src=\"http:\/\/karis.dk\/wp-content\/uploads\/2024\/09\/Fig-Damaskmoenster-fra-Koeng-769x1024.jpg\" alt=\"\" class=\"wp-image-843\" srcset=\"https:\/\/karis.dk\/wp-content\/uploads\/2024\/09\/Fig-Damaskmoenster-fra-Koeng-769x1024.jpg 769w, https:\/\/karis.dk\/wp-content\/uploads\/2024\/09\/Fig-Damaskmoenster-fra-Koeng-225x300.jpg 225w, https:\/\/karis.dk\/wp-content\/uploads\/2024\/09\/Fig-Damaskmoenster-fra-Koeng-768x1023.jpg 768w, https:\/\/karis.dk\/wp-content\/uploads\/2024\/09\/Fig-Damaskmoenster-fra-Koeng-1153x1536.jpg 1153w, https:\/\/karis.dk\/wp-content\/uploads\/2024\/09\/Fig-Damaskmoenster-fra-Koeng-1538x2048.jpg 1538w, https:\/\/karis.dk\/wp-content\/uploads\/2024\/09\/Fig-Damaskmoenster-fra-Koeng-scaled.jpg 1922w\" sizes=\"auto, (max-width: 769px) 100vw, 769px\" \/><\/figure>\n\n\n\n<figure class=\"wp-block-image size-large\"><img loading=\"lazy\" decoding=\"async\" width=\"476\" height=\"270\" data-id=\"848\" src=\"https:\/\/karis.dk\/wp-content\/uploads\/2024\/09\/Foredrag-paa-CTR.jpg\" alt=\"\" class=\"wp-image-848\" srcset=\"https:\/\/karis.dk\/wp-content\/uploads\/2024\/09\/Foredrag-paa-CTR.jpg 476w, https:\/\/karis.dk\/wp-content\/uploads\/2024\/09\/Foredrag-paa-CTR-300x170.jpg 300w\" sizes=\"auto, (max-width: 476px) 100vw, 476px\" \/><\/figure>\n\n\n\n<figure class=\"wp-block-image size-large\"><img loading=\"lazy\" decoding=\"async\" width=\"1024\" height=\"768\" data-id=\"1043\" src=\"http:\/\/karis.dk\/wp-content\/uploads\/2025\/10\/IMG_20251008_163843-1024x768.jpg\" alt=\"\" class=\"wp-image-1043\" srcset=\"https:\/\/karis.dk\/wp-content\/uploads\/2025\/10\/IMG_20251008_163843-1024x768.jpg 1024w, https:\/\/karis.dk\/wp-content\/uploads\/2025\/10\/IMG_20251008_163843-300x225.jpg 300w, https:\/\/karis.dk\/wp-content\/uploads\/2025\/10\/IMG_20251008_163843-768x576.jpg 768w, https:\/\/karis.dk\/wp-content\/uploads\/2025\/10\/IMG_20251008_163843-1536x1152.jpg 1536w, https:\/\/karis.dk\/wp-content\/uploads\/2025\/10\/IMG_20251008_163843-2048x1536.jpg 2048w\" sizes=\"auto, (max-width: 1024px) 100vw, 1024px\" \/><\/figure>\n<\/figure>\n\n\n\n<p><\/p>\n\n\n\n<p><strong>Projekter<\/strong><\/p>\n\n\n\n<p>Aug. 2025 K\u00f8ng-tapetet &#8220;Elementer af kulturarven fra Kj\u00f8ng Fabrik&#8221; bliver p\u00e5begyndt d. 10. august, hvor Ulrikka Mokdad og de frivillige gobelinv\u00e6vere samt jeg selv indarbejder de f\u00f8rste isl\u00e6t p\u00e5 gobelinv\u00e6ven, som er sat op til form\u00e5let.<\/p>\n\n\n\n<p>Januar 2025 K\u00f8ng Museums V\u00e6veskole opretter daghold om torsdagen.<\/p>\n\n\n\n<p>Sept. 2024 Forbereder og starter gobelinprojekt i samarbejde med kunstner Ulrikka Mokdad \u201dElementer af kulturarven fra Kj\u00f8ng Fabrik omsat til klassisk, fransk gobelinv\u00e6vning\u201d efter at v\u00e6re bevilget fondsmidler fra&nbsp;<em>Fonden for Husflid og H\u00e5ndarbejde<\/em>&nbsp;og fra&nbsp;<em>Farumg\u00e5rdfonden<\/em><\/p>\n\n\n\n<p>Jan. 2024 Faciliterer, udbyder og gennemf\u00f8rer kursus i fransk gobelinv\u00e6vning i samarbejde med kunstner Ulrikka Mokdad og DOF Vordingborg med henblik p\u00e5 at uddanne en frivillig gruppe af gobelinv\u00e6vere ved K\u00f8ng Museum. Kurset udbydes igen i august 2024<\/p>\n\n\n\n<p><strong>Artikler&nbsp;<\/strong><\/p>\n\n\n\n<p>Juli 2024 Artikel \u201dKj\u00f8ng fabrik 1774-1924 \u2013 ber\u00f8mt for damask og drejl\u201d i Dragt- og Tekstilnetv\u00e6rkets blad \u201dDragtjournalen\u201d nr. 22, sommer 2024<\/p>\n\n\n\n<p><strong>Opl\u00e6g<\/strong><\/p>\n\n\n\n<p>Marts 2024 Opl\u00e6g:\u201dLinen Textiles from Kj\u00f8ng Museum 1774-1924 \u2013 new perspectives on long lost knowledge\u201d p\u00e5 Centre for Textile Research, Saxo Instituttet, KU<\/p>\n\n\n\n<p>Sept. 2023 Opl\u00e6g om K\u00f8ng Museum og K\u00f8ng Museums tekstiler p\u00e5 Dragt- og Tekstilnetv\u00e6rkets \u00e5rsm\u00f8de, afholdt p\u00e5 Statens V\u00e6rksteder for Kunst<\/p>\n\n\n\n<p><strong>Udstillinger<\/strong><\/p>\n\n\n\n<p>Okt. 2023 Udstiller \u201dUld\u201d p\u00e5 Pr\u00e6st\u00f8 Bibliotek sammen med Pr\u00e6st\u00f8 V\u00e6vernetv\u00e6rk<\/p>\n\n\n\n<p>August 2021 Udstilling og formidling i Karby Kirke, Mors, i forbindelse med kulturfestival<\/p>\n\n\n\n<p>Nov. 2022-nov. 2023 Sammen med mine kursister fra K\u00f8ng Museums V\u00e6veskole deltager jeg med en v\u00e6vet bane i udstillingen \u201dDataspejlet\u201d af Astrid Skibsted Holm p\u00e5 kunstmuseet Trapholt<\/p>\n\n\n\n<p>Okt. 2022 Udstilling \u201dH\u00f8r p\u00e5 V\u00e6ven\u201d p\u00e5 Pr\u00e6st\u00f8 Bibliotek sammen med Pr\u00e6st\u00f8 V\u00e6vernetv\u00e6rk<\/p>\n\n\n\n<p>Aug-okt 2022 Faciliterer, kuraterer og udstiller \u201dFrom Edge to Edge \u2013 on Margins and borders\u201d K\u00f8ng Museums Spindeskole sammen med den internationale gruppe Seven Sisters Handweavers<\/p>\n\n\n\n<p>Juni 2022 Udstilling \u201dFrom Edge to Edge \u2013 on Margins and borders\u201d med den internationale gruppe Seven Sisters Handweavers i London i Handweavers Studio and Gallery, Seven Sisters Road<\/p>\n\n\n\n<p>2.-16. oktober 2023 Arts residency hos The Jelly Arts organization i Reading, England<\/p>\n\n\n\n<p><\/p>\n","protected":false},"excerpt":{"rendered":"<p>Andre aktiviteter Projekter Aug. 2025 K\u00f8ng-tapetet &#8220;Elementer af kulturarven fra Kj\u00f8ng Fabrik&#8221; bliver p\u00e5begyndt d. 10. august, hvor Ulrikka Mokdad og de frivillige gobelinv\u00e6vere samt jeg selv indarbejder de f\u00f8rste [&hellip;]<\/p>\n","protected":false},"author":3,"featured_media":0,"parent":0,"menu_order":0,"comment_status":"closed","ping_status":"closed","template":"wp-custom-template-underside","meta":{"_price":"","_stock":"","_tribe_ticket_header":"","_tribe_default_ticket_provider":"","_tribe_ticket_capacity":"0","_ticket_start_date":"","_ticket_end_date":"","_tribe_ticket_show_description":"","_tribe_ticket_show_not_going":false,"_tribe_ticket_use_global_stock":"","_tribe_ticket_global_stock_level":"","_global_stock_mode":"","_global_stock_cap":"","_tribe_rsvp_for_event":"","_tribe_ticket_going_count":"","_tribe_ticket_not_going_count":"","_tribe_tickets_list":"[]","_tribe_ticket_has_attendee_info_fields":false,"_EventAllDay":false,"_EventTimezone":"","_EventStartDate":"","_EventEndDate":"","_EventStartDateUTC":"","_EventEndDateUTC":"","_EventShowMap":false,"_EventShowMapLink":false,"_EventURL":"","_EventCost":"","_EventCostDescription":"","_EventCurrencySymbol":"","_EventCurrencyCode":"","_EventCurrencyPosition":"","_EventDateTimeSeparator":"","_EventTimeRangeSeparator":"","_EventOrganizerID":[],"_EventVenueID":[],"_OrganizerEmail":"","_OrganizerPhone":"","_OrganizerWebsite":"","_VenueAddress":"","_VenueCity":"","_VenueCountry":"","_VenueProvince":"","_VenueState":"","_VenueZip":"","_VenuePhone":"","_VenueURL":"","_VenueStateProvince":"","_VenueLat":"","_VenueLng":"","_VenueShowMap":false,"_VenueShowMapLink":false,"footnotes":"","_tec_slr_enabled":"","_tec_slr_layout":""},"class_list":["post-585","page","type-page","status-publish","hentry"],"jetpack_sharing_enabled":true,"ticketed":false,"_links":{"self":[{"href":"https:\/\/karis.dk\/index.php?rest_route=\/wp\/v2\/pages\/585","targetHints":{"allow":["GET"]}}],"collection":[{"href":"https:\/\/karis.dk\/index.php?rest_route=\/wp\/v2\/pages"}],"about":[{"href":"https:\/\/karis.dk\/index.php?rest_route=\/wp\/v2\/types\/page"}],"author":[{"embeddable":true,"href":"https:\/\/karis.dk\/index.php?rest_route=\/wp\/v2\/users\/3"}],"replies":[{"embeddable":true,"href":"https:\/\/karis.dk\/index.php?rest_route=%2Fwp%2Fv2%2Fcomments&post=585"}],"version-history":[{"count":11,"href":"https:\/\/karis.dk\/index.php?rest_route=\/wp\/v2\/pages\/585\/revisions"}],"predecessor-version":[{"id":1059,"href":"https:\/\/karis.dk\/index.php?rest_route=\/wp\/v2\/pages\/585\/revisions\/1059"}],"wp:attachment":[{"href":"https:\/\/karis.dk\/index.php?rest_route=%2Fwp%2Fv2%2Fmedia&parent=585"}],"curies":[{"name":"wp","href":"https:\/\/api.w.org\/{rel}","templated":true}]}}